{"id":24126,"date":"2023-10-22T10:05:14","date_gmt":"2023-10-22T10:05:14","guid":{"rendered":"https:\/\/oeil-esprit.com\/livreflore\/?post_type=product&#038;p=24126"},"modified":"2025-12-12T15:06:36","modified_gmt":"2025-12-12T15:06:36","slug":"catalogue-retrospective-villa-tamaris","status":"publish","type":"product","link":"https:\/\/oeil-esprit.com\/livreflore\/produit\/catalogue-retrospective-villa-tamaris\/","title":{"rendered":"Catalogue r\u00e9trospective Villa Tamaris"},"content":{"rendered":"","protected":false},"excerpt":{"rendered":"<p><strong>Sign\u00e9 par l&rsquo;artiste<\/strong><\/p>\n<p>Le tr\u00e8s beau catalogue de la r\u00e9trospective \u00e0 la Villa Tamaris.<br \/>\n80 pages et plus de 25 ans de photographie.<br \/>\nTexte : Emmanuelle de l&rsquo;Ecotais<\/p>\n","protected":false},"featured_media":24128,"comment_status":"closed","ping_status":"closed","template":"","meta":{"_et_pb_use_builder":"off","_et_pb_old_content":""},"product_cat":[13],"product_tag":[],"class_list":{"0":"post-24126","1":"product","2":"type-product","3":"status-publish","4":"has-post-thumbnail","6":"product_cat-livre-seul","8":"first","9":"outofstock","10":"shipping-taxable","11":"purchasable","12":"product-type-simple"},"yoast_head":"<!-- This site is optimized with the Yoast SEO plugin v23.9 - https:\/\/yoast.com\/wordpress\/plugins\/seo\/ -->\n<title>Catalogue r\u00e9trospective Villa Tamaris - L&#039;OEIL DE L&#039;ESPRIT \u00c9ditions<\/title>\n<meta name=\"robots\" content=\"index, follow, max-snippet:-1, max-image-preview:large, max-video-preview:-1\" \/>\n<link rel=\"canonical\" href=\"https:\/\/oeil-esprit.com\/livreflore\/produit\/catalogue-retrospective-villa-tamaris\/\" \/>\n<meta property=\"og:locale\" content=\"fr_FR\" \/>\n<meta property=\"og:type\" content=\"article\" \/>\n<meta property=\"og:title\" content=\"Catalogue r\u00e9trospective Villa Tamaris - L&#039;OEIL DE L&#039;ESPRIT \u00c9ditions\" \/>\n<meta property=\"og:description\" content=\"Sign\u00e9 par l&#039;artiste  Le tr\u00e8s beau catalogue de la r\u00e9trospective \u00e0 la Villa Tamaris. 80 pages et plus de 25 ans de photographie. Texte : Emmanuelle de l&#039;Ecotais\" \/>\n<meta property=\"og:url\" content=\"https:\/\/oeil-esprit.com\/livreflore\/produit\/catalogue-retrospective-villa-tamaris\/\" \/>\n<meta property=\"og:site_name\" content=\"L&#039;OEIL DE L&#039;ESPRIT \u00c9ditions\" \/>\n<meta property=\"article:modified_time\" content=\"2025-12-12T15:06:36+00:00\" \/>\n<meta property=\"og:image\" content=\"https:\/\/oeil-esprit.com\/livreflore\/wp-content\/uploads\/2023\/10\/couv-tamaris-site.jpg\" \/>\n\t<meta property=\"og:image:width\" content=\"500\" \/>\n\t<meta property=\"og:image:height\" content=\"500\" \/>\n\t<meta property=\"og:image:type\" content=\"image\/jpeg\" \/>\n<meta name=\"twitter:card\" content=\"summary_large_image\" \/>\n<meta name=\"twitter:label1\" content=\"Dur\u00e9e de lecture estim\u00e9e\" \/>\n\t<meta name=\"twitter:data1\" content=\"1 minute\" \/>\n<script type=\"application\/ld+json\" class=\"yoast-schema-graph\">{\"@context\":\"https:\/\/schema.org\",\"@graph\":[{\"@type\":\"WebPage\",\"@id\":\"https:\/\/oeil-esprit.com\/livreflore\/produit\/catalogue-retrospective-villa-tamaris\/\",\"url\":\"https:\/\/oeil-esprit.com\/livreflore\/produit\/catalogue-retrospective-villa-tamaris\/\",\"name\":\"Catalogue r\u00e9trospective Villa Tamaris - L&#039;OEIL DE L&#039;ESPRIT \u00c9ditions\",\"isPartOf\":{\"@id\":\"https:\/\/oeil-esprit.com\/livreflore\/#website\"},\"primaryImageOfPage\":{\"@id\":\"https:\/\/oeil-esprit.com\/livreflore\/produit\/catalogue-retrospective-villa-tamaris\/#primaryimage\"},\"image\":{\"@id\":\"https:\/\/oeil-esprit.com\/livreflore\/produit\/catalogue-retrospective-villa-tamaris\/#primaryimage\"},\"thumbnailUrl\":\"https:\/\/oeil-esprit.com\/livreflore\/wp-content\/uploads\/2023\/10\/couv-tamaris-site.jpg\",\"datePublished\":\"2023-10-22T10:05:14+00:00\",\"dateModified\":\"2025-12-12T15:06:36+00:00\",\"breadcrumb\":{\"@id\":\"https:\/\/oeil-esprit.com\/livreflore\/produit\/catalogue-retrospective-villa-tamaris\/#breadcrumb\"},\"inLanguage\":\"fr-FR\",\"potentialAction\":[{\"@type\":\"ReadAction\",\"target\":[\"https:\/\/oeil-esprit.com\/livreflore\/produit\/catalogue-retrospective-villa-tamaris\/\"]}]},{\"@type\":\"ImageObject\",\"inLanguage\":\"fr-FR\",\"@id\":\"https:\/\/oeil-esprit.com\/livreflore\/produit\/catalogue-retrospective-villa-tamaris\/#primaryimage\",\"url\":\"https:\/\/oeil-esprit.com\/livreflore\/wp-content\/uploads\/2023\/10\/couv-tamaris-site.jpg\",\"contentUrl\":\"https:\/\/oeil-esprit.com\/livreflore\/wp-content\/uploads\/2023\/10\/couv-tamaris-site.jpg\",\"width\":500,\"height\":500},{\"@type\":\"BreadcrumbList\",\"@id\":\"https:\/\/oeil-esprit.com\/livreflore\/produit\/catalogue-retrospective-villa-tamaris\/#breadcrumb\",\"itemListElement\":[{\"@type\":\"ListItem\",\"position\":1,\"name\":\"Accueil\",\"item\":\"https:\/\/oeil-esprit.com\/livreflore\/\"},{\"@type\":\"ListItem\",\"position\":2,\"name\":\"Boutique\",\"item\":\"https:\/\/oeil-esprit.com\/livreflore\/boutique\/\"},{\"@type\":\"ListItem\",\"position\":3,\"name\":\"Catalogue r\u00e9trospective Villa Tamaris\"}]},{\"@type\":\"WebSite\",\"@id\":\"https:\/\/oeil-esprit.com\/livreflore\/#website\",\"url\":\"https:\/\/oeil-esprit.com\/livreflore\/\",\"name\":\"L&#039;OEIL DE L&#039;ESPRIT \u00c9ditions\",\"description\":\"D\u00e9couvrez les livres de la photographe FLORE\",\"potentialAction\":[{\"@type\":\"SearchAction\",\"target\":{\"@type\":\"EntryPoint\",\"urlTemplate\":\"https:\/\/oeil-esprit.com\/livreflore\/?s={search_term_string}\"},\"query-input\":{\"@type\":\"PropertyValueSpecification\",\"valueRequired\":true,\"valueName\":\"search_term_string\"}}],\"inLanguage\":\"fr-FR\"}]}<\/script>\n<!-- \/ Yoast SEO plugin. -->","yoast_head_json":{"title":"Catalogue r\u00e9trospective Villa Tamaris - L&#039;OEIL DE L&#039;ESPRIT \u00c9ditions","robots":{"index":"index","follow":"follow","max-snippet":"max-snippet:-1","max-image-preview":"max-image-preview:large","max-video-preview":"max-video-preview:-1"},"canonical":"https:\/\/oeil-esprit.com\/livreflore\/produit\/catalogue-retrospective-villa-tamaris\/","og_locale":"fr_FR","og_type":"article","og_title":"Catalogue r\u00e9trospective Villa Tamaris - L&#039;OEIL DE L&#039;ESPRIT \u00c9ditions","og_description":"Sign\u00e9 par l'artiste  Le tr\u00e8s beau catalogue de la r\u00e9trospective \u00e0 la Villa Tamaris. 80 pages et plus de 25 ans de photographie. Texte : Emmanuelle de l'Ecotais","og_url":"https:\/\/oeil-esprit.com\/livreflore\/produit\/catalogue-retrospective-villa-tamaris\/","og_site_name":"L&#039;OEIL DE L&#039;ESPRIT \u00c9ditions","article_modified_time":"2025-12-12T15:06:36+00:00","og_image":[{"width":500,"height":500,"url":"https:\/\/oeil-esprit.com\/livreflore\/wp-content\/uploads\/2023\/10\/couv-tamaris-site.jpg","type":"image\/jpeg"}],"twitter_card":"summary_large_image","twitter_misc":{"Dur\u00e9e de lecture estim\u00e9e":"1 minute"},"schema":{"@context":"https:\/\/schema.org","@graph":[{"@type":"WebPage","@id":"https:\/\/oeil-esprit.com\/livreflore\/produit\/catalogue-retrospective-villa-tamaris\/","url":"https:\/\/oeil-esprit.com\/livreflore\/produit\/catalogue-retrospective-villa-tamaris\/","name":"Catalogue r\u00e9trospective Villa Tamaris - L&#039;OEIL DE L&#039;ESPRIT \u00c9ditions","isPartOf":{"@id":"https:\/\/oeil-esprit.com\/livreflore\/#website"},"primaryImageOfPage":{"@id":"https:\/\/oeil-esprit.com\/livreflore\/produit\/catalogue-retrospective-villa-tamaris\/#primaryimage"},"image":{"@id":"https:\/\/oeil-esprit.com\/livreflore\/produit\/catalogue-retrospective-villa-tamaris\/#primaryimage"},"thumbnailUrl":"https:\/\/oeil-esprit.com\/livreflore\/wp-content\/uploads\/2023\/10\/couv-tamaris-site.jpg","datePublished":"2023-10-22T10:05:14+00:00","dateModified":"2025-12-12T15:06:36+00:00","breadcrumb":{"@id":"https:\/\/oeil-esprit.com\/livreflore\/produit\/catalogue-retrospective-villa-tamaris\/#breadcrumb"},"inLanguage":"fr-FR","potentialAction":[{"@type":"ReadAction","target":["https:\/\/oeil-esprit.com\/livreflore\/produit\/catalogue-retrospective-villa-tamaris\/"]}]},{"@type":"ImageObject","inLanguage":"fr-FR","@id":"https:\/\/oeil-esprit.com\/livreflore\/produit\/catalogue-retrospective-villa-tamaris\/#primaryimage","url":"https:\/\/oeil-esprit.com\/livreflore\/wp-content\/uploads\/2023\/10\/couv-tamaris-site.jpg","contentUrl":"https:\/\/oeil-esprit.com\/livreflore\/wp-content\/uploads\/2023\/10\/couv-tamaris-site.jpg","width":500,"height":500},{"@type":"BreadcrumbList","@id":"https:\/\/oeil-esprit.com\/livreflore\/produit\/catalogue-retrospective-villa-tamaris\/#breadcrumb","itemListElement":[{"@type":"ListItem","position":1,"name":"Accueil","item":"https:\/\/oeil-esprit.com\/livreflore\/"},{"@type":"ListItem","position":2,"name":"Boutique","item":"https:\/\/oeil-esprit.com\/livreflore\/boutique\/"},{"@type":"ListItem","position":3,"name":"Catalogue r\u00e9trospective Villa Tamaris"}]},{"@type":"WebSite","@id":"https:\/\/oeil-esprit.com\/livreflore\/#website","url":"https:\/\/oeil-esprit.com\/livreflore\/","name":"L&#039;OEIL DE L&#039;ESPRIT \u00c9ditions","description":"D\u00e9couvrez les livres de la photographe FLORE","potentialAction":[{"@type":"SearchAction","target":{"@type":"EntryPoint","urlTemplate":"https:\/\/oeil-esprit.com\/livreflore\/?s={search_term_string}"},"query-input":{"@type":"PropertyValueSpecification","valueRequired":true,"valueName":"search_term_string"}}],"inLanguage":"fr-FR"}]}},"_links":{"self":[{"href":"https:\/\/oeil-esprit.com\/livreflore\/wp-json\/wp\/v2\/product\/24126","targetHints":{"allow":["GET"]}}],"collection":[{"href":"https:\/\/oeil-esprit.com\/livreflore\/wp-json\/wp\/v2\/product"}],"about":[{"href":"https:\/\/oeil-esprit.com\/livreflore\/wp-json\/wp\/v2\/types\/product"}],"replies":[{"embeddable":true,"href":"https:\/\/oeil-esprit.com\/livreflore\/wp-json\/wp\/v2\/comments?post=24126"}],"wp:featuredmedia":[{"embeddable":true,"href":"https:\/\/oeil-esprit.com\/livreflore\/wp-json\/wp\/v2\/media\/24128"}],"wp:attachment":[{"href":"https:\/\/oeil-esprit.com\/livreflore\/wp-json\/wp\/v2\/media?parent=24126"}],"wp:term":[{"taxonomy":"product_cat","embeddable":true,"href":"https:\/\/oeil-esprit.com\/livreflore\/wp-json\/wp\/v2\/product_cat?post=24126"},{"taxonomy":"product_tag","embeddable":true,"href":"https:\/\/oeil-esprit.com\/livreflore\/wp-json\/wp\/v2\/product_tag?post=24126"}],"curies":[{"name":"wp","href":"https:\/\/api.w.org\/{rel}","templated":true}]}}

Catalogue rétrospective Villa Tamaris

<p><strong>Signé par l&rsquo;artiste</strong></p>
<p>Le très beau catalogue de la rétrospective à la Villa Tamaris.<br />
80 pages et plus de 25 ans de photographie.<br />
Texte : Emmanuelle de l&rsquo;Ecotais</p>

<!-- This site is optimized with the Yoast SEO plugin v23.9 - https://yoast.com/wordpress/plugins/seo/ -->
<title>Catalogue rétrospective Villa Tamaris - L&#039;OEIL DE L&#039;ESPRIT Éditions</title>
<meta name="robots" content="index, follow, max-snippet:-1, max-image-preview:large, max-video-preview:-1" />
<link rel="canonical" href="https://oeil-esprit.com/livreflore/produit/catalogue-retrospective-villa-tamaris/" />
<meta property="og:locale" content="fr_FR" />
<meta property="og:type" content="article" />
<meta property="og:title" content="Catalogue rétrospective Villa Tamaris - L&#039;OEIL DE L&#039;ESPRIT Éditions" />
<meta property="og:description" content="Signé par l&#039;artiste  Le très beau catalogue de la rétrospective à la Villa Tamaris. 80 pages et plus de 25 ans de photographie. Texte : Emmanuelle de l&#039;Ecotais" />
<meta property="og:url" content="https://oeil-esprit.com/livreflore/produit/catalogue-retrospective-villa-tamaris/" />
<meta property="og:site_name" content="L&#039;OEIL DE L&#039;ESPRIT Éditions" />
<meta property="article:modified_time" content="2025-12-12T15:06:36+00:00" />
<meta property="og:image" content="https://oeil-esprit.com/livreflore/wp-content/uploads/2023/10/couv-tamaris-site.jpg" />
	<meta property="og:image:width" content="500" />
	<meta property="og:image:height" content="500" />
	<meta property="og:image:type" content="image/jpeg" />
<meta name="twitter:card" content="summary_large_image" />
<meta name="twitter:label1" content="Durée de lecture estimée" />
	<meta name="twitter:data1" content="1 minute" />
<script type="application/ld+json" class="yoast-schema-graph">{"@context":"https://schema.org","@graph":[{"@type":"WebPage","@id":"https://oeil-esprit.com/livreflore/produit/catalogue-retrospective-villa-tamaris/","url":"https://oeil-esprit.com/livreflore/produit/catalogue-retrospective-villa-tamaris/","name":"Catalogue rétrospective Villa Tamaris - L&#039;OEIL DE L&#039;ESPRIT Éditions","isPartOf":{"@id":"https://oeil-esprit.com/livreflore/#website"},"primaryImageOfPage":{"@id":"https://oeil-esprit.com/livreflore/produit/catalogue-retrospective-villa-tamaris/#primaryimage"},"image":{"@id":"https://oeil-esprit.com/livreflore/produit/catalogue-retrospective-villa-tamaris/#primaryimage"},"thumbnailUrl":"https://oeil-esprit.com/livreflore/wp-content/uploads/2023/10/couv-tamaris-site.jpg","datePublished":"2023-10-22T10:05:14+00:00","dateModified":"2025-12-12T15:06:36+00:00","breadcrumb":{"@id":"https://oeil-esprit.com/livreflore/produit/catalogue-retrospective-villa-tamaris/#breadcrumb"},"inLanguage":"fr-FR","potentialAction":[{"@type":"ReadAction","target":["https://oeil-esprit.com/livreflore/produit/catalogue-retrospective-villa-tamaris/"]}]},{"@type":"ImageObject","inLanguage":"fr-FR","@id":"https://oeil-esprit.com/livreflore/produit/catalogue-retrospective-villa-tamaris/#primaryimage","url":"https://oeil-esprit.com/livreflore/wp-content/uploads/2023/10/couv-tamaris-site.jpg","contentUrl":"https://oeil-esprit.com/livreflore/wp-content/uploads/2023/10/couv-tamaris-site.jpg","width":500,"height":500},{"@type":"BreadcrumbList","@id":"https://oeil-esprit.com/livreflore/produit/catalogue-retrospective-villa-tamaris/#breadcrumb","itemListElement":[{"@type":"ListItem","position":1,"name":"Accueil","item":"https://oeil-esprit.com/livreflore/"},{"@type":"ListItem","position":2,"name":"Boutique","item":"https://oeil-esprit.com/livreflore/boutique/"},{"@type":"ListItem","position":3,"name":"Catalogue rétrospective Villa Tamaris"}]},{"@type":"WebSite","@id":"https://oeil-esprit.com/livreflore/#website","url":"https://oeil-esprit.com/livreflore/","name":"L&#039;OEIL DE L&#039;ESPRIT Éditions","description":"Découvrez les livres de la photographe FLORE","potentialAction":[{"@type":"SearchAction","target":{"@type":"EntryPoint","urlTemplate":"https://oeil-esprit.com/livreflore/?s={search_term_string}"},"query-input":{"@type":"PropertyValueSpecification","valueRequired":true,"valueName":"search_term_string"}}],"inLanguage":"fr-FR"}]}</script>
<!-- / Yoast SEO plugin. -->

Catalogue rétrospective Villa Tamaris - L&#039;OEIL DE L&#039;ESPRIT Éditions

Signé par l'artiste  Le très beau catalogue de la rétrospective à la Villa Tamaris. 80 pages et plus de 25 ans de photographie. Texte : Emmanuelle de l'Ecotais

L&#039;OEIL DE L&#039;ESPRIT Éditions

Découvrez les livres de la photographe FLORE
