{"id":383,"date":"2016-09-11T16:24:15","date_gmt":"2016-09-11T16:24:15","guid":{"rendered":"http:\/\/oeil-esprit.com\/livreflore\/produit\/edition-collector\/"},"modified":"2025-04-10T09:03:04","modified_gmt":"2025-04-10T09:03:04","slug":"edition-collector","status":"publish","type":"product","link":"https:\/\/oeil-esprit.com\/livreflore\/produit\/edition-collector\/","title":{"rendered":"\u00c9dition collector Lointains souvenirs"},"content":{"rendered":"<div id=\"attachment_379\" style=\"width: 310px\" class=\"wp-caption alignleft\"><img loading=\"lazy\" decoding=\"async\" aria-describedby=\"caption-attachment-379\" class=\"wp-image-379 size-medium\" src=\"http:\/\/oeil-esprit.com\/livreflore\/wp-content\/uploads\/2016\/09\/frere-1-300x300.jpg\" alt=\"frere-1\" width=\"300\" height=\"300\" srcset=\"https:\/\/oeil-esprit.com\/livreflore\/wp-content\/uploads\/2016\/09\/frere-1-300x300.jpg 300w, https:\/\/oeil-esprit.com\/livreflore\/wp-content\/uploads\/2016\/09\/frere-1-400x400.jpg 400w, https:\/\/oeil-esprit.com\/livreflore\/wp-content\/uploads\/2016\/09\/frere-1-100x100.jpg 100w, https:\/\/oeil-esprit.com\/livreflore\/wp-content\/uploads\/2016\/09\/frere-1-510x510.jpg 510w, https:\/\/oeil-esprit.com\/livreflore\/wp-content\/uploads\/2016\/09\/frere-1-150x150.jpg 150w, https:\/\/oeil-esprit.com\/livreflore\/wp-content\/uploads\/2016\/09\/frere-1.jpg 600w\" sizes=\"auto, (max-width: 300px) 100vw, 300px\" \/><p id=\"caption-attachment-379\" class=\"wp-caption-text\">#1 Le fr\u00e8re<\/p><\/div>\n<div id=\"attachment_380\" style=\"width: 310px\" class=\"wp-caption alignleft\"><img loading=\"lazy\" decoding=\"async\" aria-describedby=\"caption-attachment-380\" class=\"wp-image-380 size-medium\" src=\"http:\/\/oeil-esprit.com\/livreflore\/wp-content\/uploads\/2016\/09\/la-soeur-OK-300x300.jpg\" alt=\"la-soeur-ok\" width=\"300\" height=\"300\" srcset=\"https:\/\/oeil-esprit.com\/livreflore\/wp-content\/uploads\/2016\/09\/la-soeur-OK-300x300.jpg 300w, https:\/\/oeil-esprit.com\/livreflore\/wp-content\/uploads\/2016\/09\/la-soeur-OK-400x400.jpg 400w, https:\/\/oeil-esprit.com\/livreflore\/wp-content\/uploads\/2016\/09\/la-soeur-OK-100x100.jpg 100w, https:\/\/oeil-esprit.com\/livreflore\/wp-content\/uploads\/2016\/09\/la-soeur-OK-510x510.jpg 510w, https:\/\/oeil-esprit.com\/livreflore\/wp-content\/uploads\/2016\/09\/la-soeur-OK-150x150.jpg 150w, https:\/\/oeil-esprit.com\/livreflore\/wp-content\/uploads\/2016\/09\/la-soeur-OK.jpg 600w\" sizes=\"auto, (max-width: 300px) 100vw, 300px\" \/><p id=\"caption-attachment-380\" class=\"wp-caption-text\">#2 La s\u0153ur<\/p><\/div>\n","protected":false},"excerpt":{"rendered":"<p>1 \u00e9dition limit\u00e9e du livre, sign\u00e9e et num\u00e9rot\u00e9e sur 30<br \/>\n+<br \/>\n1 photographie originale au choix, sign\u00e9 et num\u00e9rot\u00e9 sur 15 \u2013 Format 12x12cm<br \/>\n<em>Les 2 images propos\u00e9es sont in\u00e9dites et ont \u00e9t\u00e9 r\u00e9alis\u00e9es sp\u00e9cialement pour ce Tirage de t\u00eate.<\/em><br \/>\n+<br \/>\n1 disque Vinyl 45 tours comprenant les textes du livre lus par la com\u00e9dienne <a href=\"https:\/\/fr.wikipedia.org\/wiki\/Agn%C3%A8s_Sourdillon\">Agn\u00e8s Sourdillon<\/a> ainsi qu\u2019une petite musique durassienne\u2026<\/p>\n","protected":false},"featured_media":367,"comment_status":"closed","ping_status":"closed","template":"","meta":{"_et_pb_use_builder":"","_et_pb_old_content":""},"product_cat":[14],"product_tag":[],"class_list":{"0":"post-383","1":"product","2":"type-product","3":"status-publish","4":"has-post-thumbnail","6":"product_cat-tirage-de-tete","8":"first","9":"instock","10":"shipping-taxable","11":"purchasable","12":"product-type-variable"},"yoast_head":"<!-- This site is optimized with the Yoast SEO plugin v23.9 - https:\/\/yoast.com\/wordpress\/plugins\/seo\/ -->\n<title>\u00c9dition collector Lointains souvenirs - L&#039;OEIL DE L&#039;ESPRIT \u00c9ditions<\/title>\n<meta name=\"robots\" content=\"index, follow, max-snippet:-1, max-image-preview:large, max-video-preview:-1\" \/>\n<link rel=\"canonical\" href=\"https:\/\/oeil-esprit.com\/livreflore\/produit\/edition-collector\/\" \/>\n<meta property=\"og:locale\" content=\"fr_FR\" \/>\n<meta property=\"og:type\" content=\"article\" \/>\n<meta property=\"og:title\" content=\"\u00c9dition collector Lointains souvenirs - L&#039;OEIL DE L&#039;ESPRIT \u00c9ditions\" \/>\n<meta property=\"og:description\" content=\"1 \u00e9dition limit\u00e9e du livre, sign\u00e9e et num\u00e9rot\u00e9e sur 30 + 1 photographie originale au choix, sign\u00e9 et num\u00e9rot\u00e9 sur 15 \u2013 Format 12x12cm Les 2 images propos\u00e9es sont in\u00e9dites et ont \u00e9t\u00e9 r\u00e9alis\u00e9es sp\u00e9cialement pour ce Tirage de t\u00eate. + 1 disque Vinyl 45 tours comprenant les textes du livre lus par la com\u00e9dienne Agn\u00e8s Sourdillon ainsi qu\u2019une petite musique durassienne\u2026\" \/>\n<meta property=\"og:url\" content=\"https:\/\/oeil-esprit.com\/livreflore\/produit\/edition-collector\/\" \/>\n<meta property=\"og:site_name\" content=\"L&#039;OEIL DE L&#039;ESPRIT \u00c9ditions\" \/>\n<meta property=\"article:modified_time\" content=\"2025-04-10T09:03:04+00:00\" \/>\n<meta property=\"og:image\" content=\"https:\/\/oeil-esprit.com\/livreflore\/wp-content\/uploads\/2014\/07\/edition-collector.jpg\" \/>\n\t<meta property=\"og:image:width\" content=\"500\" \/>\n\t<meta property=\"og:image:height\" content=\"500\" \/>\n\t<meta property=\"og:image:type\" content=\"image\/jpeg\" \/>\n<meta name=\"twitter:card\" content=\"summary_large_image\" \/>\n<script type=\"application\/ld+json\" class=\"yoast-schema-graph\">{\"@context\":\"https:\/\/schema.org\",\"@graph\":[{\"@type\":\"WebPage\",\"@id\":\"https:\/\/oeil-esprit.com\/livreflore\/produit\/edition-collector\/\",\"url\":\"https:\/\/oeil-esprit.com\/livreflore\/produit\/edition-collector\/\",\"name\":\"\u00c9dition collector Lointains souvenirs - L&#039;OEIL DE L&#039;ESPRIT \u00c9ditions\",\"isPartOf\":{\"@id\":\"https:\/\/oeil-esprit.com\/livreflore\/#website\"},\"primaryImageOfPage\":{\"@id\":\"https:\/\/oeil-esprit.com\/livreflore\/produit\/edition-collector\/#primaryimage\"},\"image\":{\"@id\":\"https:\/\/oeil-esprit.com\/livreflore\/produit\/edition-collector\/#primaryimage\"},\"thumbnailUrl\":\"https:\/\/oeil-esprit.com\/livreflore\/wp-content\/uploads\/2014\/07\/edition-collector.jpg\",\"datePublished\":\"2016-09-11T16:24:15+00:00\",\"dateModified\":\"2025-04-10T09:03:04+00:00\",\"breadcrumb\":{\"@id\":\"https:\/\/oeil-esprit.com\/livreflore\/produit\/edition-collector\/#breadcrumb\"},\"inLanguage\":\"fr-FR\",\"potentialAction\":[{\"@type\":\"ReadAction\",\"target\":[\"https:\/\/oeil-esprit.com\/livreflore\/produit\/edition-collector\/\"]}]},{\"@type\":\"ImageObject\",\"inLanguage\":\"fr-FR\",\"@id\":\"https:\/\/oeil-esprit.com\/livreflore\/produit\/edition-collector\/#primaryimage\",\"url\":\"https:\/\/oeil-esprit.com\/livreflore\/wp-content\/uploads\/2014\/07\/edition-collector.jpg\",\"contentUrl\":\"https:\/\/oeil-esprit.com\/livreflore\/wp-content\/uploads\/2014\/07\/edition-collector.jpg\",\"width\":500,\"height\":500},{\"@type\":\"BreadcrumbList\",\"@id\":\"https:\/\/oeil-esprit.com\/livreflore\/produit\/edition-collector\/#breadcrumb\",\"itemListElement\":[{\"@type\":\"ListItem\",\"position\":1,\"name\":\"Accueil\",\"item\":\"https:\/\/oeil-esprit.com\/livreflore\/\"},{\"@type\":\"ListItem\",\"position\":2,\"name\":\"Boutique\",\"item\":\"https:\/\/oeil-esprit.com\/livreflore\/boutique\/\"},{\"@type\":\"ListItem\",\"position\":3,\"name\":\"\u00c9dition collector Lointains souvenirs\"}]},{\"@type\":\"WebSite\",\"@id\":\"https:\/\/oeil-esprit.com\/livreflore\/#website\",\"url\":\"https:\/\/oeil-esprit.com\/livreflore\/\",\"name\":\"L&#039;OEIL DE L&#039;ESPRIT \u00c9ditions\",\"description\":\"D\u00e9couvrez les livres de la photographe FLORE\",\"potentialAction\":[{\"@type\":\"SearchAction\",\"target\":{\"@type\":\"EntryPoint\",\"urlTemplate\":\"https:\/\/oeil-esprit.com\/livreflore\/?s={search_term_string}\"},\"query-input\":{\"@type\":\"PropertyValueSpecification\",\"valueRequired\":true,\"valueName\":\"search_term_string\"}}],\"inLanguage\":\"fr-FR\"}]}<\/script>\n<!-- \/ Yoast SEO plugin. -->","yoast_head_json":{"title":"\u00c9dition collector Lointains souvenirs - L&#039;OEIL DE L&#039;ESPRIT \u00c9ditions","robots":{"index":"index","follow":"follow","max-snippet":"max-snippet:-1","max-image-preview":"max-image-preview:large","max-video-preview":"max-video-preview:-1"},"canonical":"https:\/\/oeil-esprit.com\/livreflore\/produit\/edition-collector\/","og_locale":"fr_FR","og_type":"article","og_title":"\u00c9dition collector Lointains souvenirs - L&#039;OEIL DE L&#039;ESPRIT \u00c9ditions","og_description":"1 \u00e9dition limit\u00e9e du livre, sign\u00e9e et num\u00e9rot\u00e9e sur 30 + 1 photographie originale au choix, sign\u00e9 et num\u00e9rot\u00e9 sur 15 \u2013 Format 12x12cm Les 2 images propos\u00e9es sont in\u00e9dites et ont \u00e9t\u00e9 r\u00e9alis\u00e9es sp\u00e9cialement pour ce Tirage de t\u00eate. + 1 disque Vinyl 45 tours comprenant les textes du livre lus par la com\u00e9dienne Agn\u00e8s Sourdillon ainsi qu\u2019une petite musique durassienne\u2026","og_url":"https:\/\/oeil-esprit.com\/livreflore\/produit\/edition-collector\/","og_site_name":"L&#039;OEIL DE L&#039;ESPRIT \u00c9ditions","article_modified_time":"2025-04-10T09:03:04+00:00","og_image":[{"width":500,"height":500,"url":"https:\/\/oeil-esprit.com\/livreflore\/wp-content\/uploads\/2014\/07\/edition-collector.jpg","type":"image\/jpeg"}],"twitter_card":"summary_large_image","schema":{"@context":"https:\/\/schema.org","@graph":[{"@type":"WebPage","@id":"https:\/\/oeil-esprit.com\/livreflore\/produit\/edition-collector\/","url":"https:\/\/oeil-esprit.com\/livreflore\/produit\/edition-collector\/","name":"\u00c9dition collector Lointains souvenirs - L&#039;OEIL DE L&#039;ESPRIT \u00c9ditions","isPartOf":{"@id":"https:\/\/oeil-esprit.com\/livreflore\/#website"},"primaryImageOfPage":{"@id":"https:\/\/oeil-esprit.com\/livreflore\/produit\/edition-collector\/#primaryimage"},"image":{"@id":"https:\/\/oeil-esprit.com\/livreflore\/produit\/edition-collector\/#primaryimage"},"thumbnailUrl":"https:\/\/oeil-esprit.com\/livreflore\/wp-content\/uploads\/2014\/07\/edition-collector.jpg","datePublished":"2016-09-11T16:24:15+00:00","dateModified":"2025-04-10T09:03:04+00:00","breadcrumb":{"@id":"https:\/\/oeil-esprit.com\/livreflore\/produit\/edition-collector\/#breadcrumb"},"inLanguage":"fr-FR","potentialAction":[{"@type":"ReadAction","target":["https:\/\/oeil-esprit.com\/livreflore\/produit\/edition-collector\/"]}]},{"@type":"ImageObject","inLanguage":"fr-FR","@id":"https:\/\/oeil-esprit.com\/livreflore\/produit\/edition-collector\/#primaryimage","url":"https:\/\/oeil-esprit.com\/livreflore\/wp-content\/uploads\/2014\/07\/edition-collector.jpg","contentUrl":"https:\/\/oeil-esprit.com\/livreflore\/wp-content\/uploads\/2014\/07\/edition-collector.jpg","width":500,"height":500},{"@type":"BreadcrumbList","@id":"https:\/\/oeil-esprit.com\/livreflore\/produit\/edition-collector\/#breadcrumb","itemListElement":[{"@type":"ListItem","position":1,"name":"Accueil","item":"https:\/\/oeil-esprit.com\/livreflore\/"},{"@type":"ListItem","position":2,"name":"Boutique","item":"https:\/\/oeil-esprit.com\/livreflore\/boutique\/"},{"@type":"ListItem","position":3,"name":"\u00c9dition collector Lointains souvenirs"}]},{"@type":"WebSite","@id":"https:\/\/oeil-esprit.com\/livreflore\/#website","url":"https:\/\/oeil-esprit.com\/livreflore\/","name":"L&#039;OEIL DE L&#039;ESPRIT \u00c9ditions","description":"D\u00e9couvrez les livres de la photographe FLORE","potentialAction":[{"@type":"SearchAction","target":{"@type":"EntryPoint","urlTemplate":"https:\/\/oeil-esprit.com\/livreflore\/?s={search_term_string}"},"query-input":{"@type":"PropertyValueSpecification","valueRequired":true,"valueName":"search_term_string"}}],"inLanguage":"fr-FR"}]}},"_links":{"self":[{"href":"https:\/\/oeil-esprit.com\/livreflore\/wp-json\/wp\/v2\/product\/383","targetHints":{"allow":["GET"]}}],"collection":[{"href":"https:\/\/oeil-esprit.com\/livreflore\/wp-json\/wp\/v2\/product"}],"about":[{"href":"https:\/\/oeil-esprit.com\/livreflore\/wp-json\/wp\/v2\/types\/product"}],"replies":[{"embeddable":true,"href":"https:\/\/oeil-esprit.com\/livreflore\/wp-json\/wp\/v2\/comments?post=383"}],"wp:featuredmedia":[{"embeddable":true,"href":"https:\/\/oeil-esprit.com\/livreflore\/wp-json\/wp\/v2\/media\/367"}],"wp:attachment":[{"href":"https:\/\/oeil-esprit.com\/livreflore\/wp-json\/wp\/v2\/media?parent=383"}],"wp:term":[{"taxonomy":"product_cat","embeddable":true,"href":"https:\/\/oeil-esprit.com\/livreflore\/wp-json\/wp\/v2\/product_cat?post=383"},{"taxonomy":"product_tag","embeddable":true,"href":"https:\/\/oeil-esprit.com\/livreflore\/wp-json\/wp\/v2\/product_tag?post=383"}],"curies":[{"name":"wp","href":"https:\/\/api.w.org\/{rel}","templated":true}]}}